t d(a) = -a + 12. What is the tens digit of d(g)?
1
Suppose -9*q + 7*q + 294 = 0. What is the tens digit of q?
4
Let b(m) = 42*m + 1. What is the tens digit of b(3)?
2
Let q be -1*2 - (-6)/2. What is the units digit of 13*q + 4/4?
4
Let k(h) = -3*h + 18. What is the units digit of k(-13)?
7
Suppose 0 = -5*i + 4*o + 26, 2*o - 1 = 5*i - 19. Let w be 114/9 - (-2)/(-3). Suppose i*u - u - w = 0. What is the units digit of u?
2
Let j(n) = n**2 + 5*n - 11. Let s be j(-10). Let x = s + -24. What is the tens digit of x?
1
Suppose 528 - 1518 = -9*x. What is the tens digit of x?
1
Let s(w) = 35*w**3 - w**2 + w. Let t be (-1)/5 + (-12)/(-10). What is the tens digit of s(t)?
3
Let l = -30 + 70. Suppose -6*m = -3*m - 24. Suppose -5*i - s = -30, -l = -m*i + 3*i - 3*s. What is the units digit of i?
5
Let z(k) = -k**3 + 8*k**2 - 8*k - 5. Suppose 3*r - 30 = -3*w, -7 = -3*r + 5. What is the tens digit of z(w)?
1
Suppose -4*o - 3*y + y + 40 = 0, 3*y = o - 3. Let x(k) = -3*k + 4*k - 2*k + 15. What is the units digit of x(o)?
6
Let x = 240 + -105. What is the hundreds digit of x?
1
Suppose o - 2*c + 23 = 0, 3*o + 0*c + 85 = -2*c. What is the units digit of (-2)/((-48)/o + -2)?
9
Let h(q) = q**3 + 12*q**2 + 8*q - 4. Let k be h(-11). What is the units digit of (k/2)/((-2)/(-4))?
9
Let x(w) be the third derivative of -5*w**4/24 - w**3/6 - w**2. Let r be (-15)/10*(-3)/(-18)*4. What is the units digit of x(r)?
4
Let t be 3*(-1 - 172/(-6)). Let g = t + -52. What is the units digit of g?
1
Let w be 1/(-2) + 9/2. Let z(u) = u**3 - 8*u**2 + 7*u + 5. Let t be z(7). Suppose 0 = 4*s - 4*j, -w*j + j = t*s - 24. What is the units digit of s?
3
Let u(c) = -c + 5. What is the tens digit of u(-8)?
1
Let i = 0 + 6. Suppose p = -p + 62. Suppose g + 2*g + i = 0, p = 3*s - 5*g. What is the units digit of s?
7
Let j(p) = -p**2 - 6*p + 40. What is the units digit of j(0)?
0
Suppose 4*l - 5*l - 18 = 0. What is the tens digit of 6/l + 118/3?
3
Suppose o = -0*o + 197. What is the hundreds digit of o?
1
Let x(d) = -2 + 3 - 4 + 10*d. Let i be x(-3). What is the tens digit of (-56)/(-3) - (-22)/i?
1
Let p(s) = 16*s. Let l be p(4). Suppose -5*v + 24 + 1 = 0. Suppose v*o + 3*h = l, -2*h - 25 - 35 = -4*o. What is the units digit of o?
4
Suppose 5 = -3*s - 4, 4*s - 20 = -b. What is the tens digit of b?
3
Let a(o) = 6*o**2 - 10*o + 18. What is the tens digit of a(5)?
1
What is the tens digit of 2 - 52/(-8)*2?
1
Let d = 16 - 9. What is the units digit of d?
7
Let t be (-1 + 4)*1/1. Suppose 12 + t = 5*l. What is the tens digit of -1*2 + (22 - l)?
1
Let t = -8 - 2. Let l be (-3 - -1)*2*t. Suppose l = 5*x - 15. What is the units digit of x?
1
Suppose 2 = -r, -3*r = -i - 4*i - 14. What is the units digit of i/(-18) - 208/(-36)?
6
Let o(w) = 19*w - 12. What is the tens digit of o(6)?
0
Suppose x - 4*k - 389 = -0*x, 4*k = -20. What is the hundreds digit of x?
3
Suppose 2*z = -3*k + 14, 0 = 2*z - k - 7 + 1. Suppose 8*u - 7*u = z. What is the units digit of u?
4
Let u be (-6)/(-27) + 626/18. Suppose 4 = -2*h, -4*l + 4*h + u + 1 = 0. Let t = 11 - l. What is the units digit of t?
4
Let t(p) be the first derivative of 5/2*p**2 - 1/3*p**3 + 3 + 0*p. What is the units digit of t(3)?
6
Let t(j) = -j**2 + 6*j + 2. Suppose 0 = -0*o - o. Suppose -4*h + 15 + 9 = o. What is the units digit of t(h)?
2
Let c(y) = y**3 - 4*y**2 - y - 1. Let z be c(4). Suppose -6*u + 40 = -4*q - 5*u, -4*q - 3*u - 24 = 0. Let v = z - q. What is the units digit of v?
4
What is the tens digit of (-172)/(-6) + 8/(-12)?
2
Let h(u) = u**2 + 4*u - 6. Let b be h(-7). Suppose -2*z + 3 = -2*r + b, 6 = -2*r - 4*z. What is the units digit of -2 - 3/r*-9?
7
What is the tens digit of 19 + -1 + 6 + -4?
2
Suppose 4*i + 2 = 970. What is the hundreds digit of i?
2
Let m(r) = 4*r**2 + 1. Let y be m(1). Suppose 2*x = -y + 15. Suppose x*p = 8 + 12. What is the units digit of p?
4
Let d(s) = 0*s**2 + s**2 - 1 - 6 + 4*s + 3. What is the tens digit of d(-7)?
1
Suppose 2*x + 43 = 11. Let v = 38 + x. What is the units digit of v?
2
Let n be -7 - ((-3)/3 - -1). Let v = n - -16. What is the units digit of v?
9
Let m(j) = -j + 6. Let w be m(8). Let c be (8/(-6))/(w/15). Suppose 3*l - c = 2. What is the units digit of l?
4
Suppose -12 = -2*g - 2*g. Let a(l) = 4*l + 4. Let v be a(4). Suppose -5*d - n + v = -g*d, 0 = 2*n - 4. What is the units digit of d?
9
Suppose 0 = l + 3*l - 4. Suppose l = 2*i - 9. What is the units digit of i?
5
Suppose 2*g = -0*k - k + 4, -k = 0. What is the units digit of (-3)/(g*-3)*6?
3
Let s = 106 + -51. What is the units digit of s?
5
Let l be (0*(-3)/(-12))/1. Suppose l = 3*d - 7*d + 68. What is the tens digit of d?
1
Let m be (2/7)/((-2)/(-28)). Suppose -m*o = -3*o - 20. What is the units digit of o?
0
Let l = -3 + 7. Suppose 0 = l*u - 2*t - 38, -5*u + 3*t = -2*u - 33. What is the units digit of (-2)/u - (-18)/8?
2
Let h = 496 + -177. What is the tens digit of h?
1
Let s be 0 + (3/(-3) - -3). Suppose 0*y - 5 = s*y - 5*a, -2 = -2*a. What is the units digit of (-1 - -1 - -1) + y?
1
Let y(j) = 3*j**2 - 7*j + 6. Let p be y(4). Suppose 4*d + 3*q = p, 3*d = -3*q + 4*q + 26. Suppose d = 5*k - 2. What is the units digit of k?
2
Let p = -10 + -6. Let a(s) = -8*s + 28. Let g be a(7). Let l = p - g. What is the tens digit of l?
1
Suppose 11*q + 768 = 19*q. What is the units digit of q?
6
Suppose -12*i + 336 = -4*i. What is the units digit of i?
2
Let i = 21 - -8. Let j(v) = -2*v - 7. Let m be j(-5). Suppose -m*u - 8 = -i. What is the units digit of u?
7
Let b(r) = 4*r**3 + 2*r**2 + r. Let m be b(-1). What is the units digit of 210/(-9)*m/2?
5
Let f = -30 - -59. What is the tens digit of f?
2
Let f(v) = -v**2 - 7*v + 4. Let g be f(-7). Suppose 3*q - g = -16. What is the units digit of (5/q)/((-2)/8)?
5
Suppose 2*n = -5 + 31. Let y(k) = k**2 + 9*k. Let s be y(-8). Let g = n + s. What is the units digit of g?
5
Suppose 5*b - 3*m = -8*m - 10, -5*m = -3*b + 34. Suppose b*x + 1 = 7. Suppose -x*t - 46 = -7*t + 2*r, 2*t - 16 = 2*r. What is the tens digit of t?
1
Suppose t + 49 = 2*k, -5*k = 8*t - 3*t - 115. What is the tens digit of k?
2
Let d = 3 + -3. Suppose d = -n + 3*m + 17, 0 = 2*m - 7*m - 25. What is the units digit of 3 - ((-4)/(-2) - n)?
3
Let s(v) = -v**3 - 14*v**2 + 13*v - 6. Let q = -13 + -2. What is the tens digit of s(q)?
2
Let q(t) = -2*t**2 - t. Let m be q(-2). Let k(y) = -y**3 - 5*y**2 - 7. Let p be k(m). Suppose -2*z - z + 3 = 3*d, 5*d = z + p. What is the units digit of d?
5
Let f(y) = -y**3 + 5*y**2 + 2. Let b be f(5). Suppose b*k - 40 = -3*i + 6*k, i - 16 = 4*k. What is the units digit of i?
2
Let y(j) = -7*j + 6. Let m(k) = 20*k - 17. Let c(z) = 6*m(z) + 17*y(z). What is the units digit of c(3)?
3
Suppose 0 = -3*p - 2*a + 193, 3*p + a + 56 = 4*p. Suppose 5*k - 75 = 3*v, -3*k + 5*k + 5*v - p = 0. What is the units digit of k?
8
Suppose -3*f - 6 = -2*l, 0 = -f + 4*l - 2*l - 2. Let z be f/4 + (-18)/(-4). Suppose -3*i + z = w, -5*i + 20 = 5*w - 2*w. What is the tens digit of w?
1
Let z(c) = 3*c + 7. What is the tens digit of z(14)?
4
Suppose 2*m - 59 = -19. What is the units digit of m?
0
Let w(o) be the first derivative of -3*o**4/4 - o**3/3 + o - 1. Let r be w(1). What is the units digit of (-3 - 0)/(r/7)?
7
Let t(n) = -n - 4. Let z be t(-9). Suppose -5*u - 20 = z*f, -4*u - 3*f - 6 = -f. What is the units digit of u?
1
Suppose -a = 2 - 5. Suppose -2*w = -4*o - 34, -a*w - 4*o - 1 = -2*w. What is the units digit of w?
1
What is the units digit of (-50)/(-13) + 6/39?
4
Suppose -4*h + 56 = 3*o, 4*o - 2*h - 37 = 67. What is the tens digit of o?
2
Let n(t) = 3*t**2 + 6*t + 10. What is the units digit of n(6)?
4
Let i be ((-3)/(-2))/((-3)/(-8)). Suppose -4 - 4 = i*x, 28 = -5*o + x. What is the units digit of 4/o - 20/(-3)?
6
Let o = -335 + 680. What is the units digit of o?
5
Let i = -13 + 11. Suppose 6 + 9 = 5*b. Let k = i + b. What is the units digit of k?
1
Let w(z) be the second derivative of z**4/12 - z**3/6 - z**2 + 2*z. Let p be w(-2). Suppose 5*q + 4 = 3*t, 4*t - p = 2*q + 6. What is the units digit of q?
1
Let j(g) = 4*g + 16. Let m be j(-12). Let q = -20 - m. What is the units digit of q?
2
Suppose -5*z + 91 + 99 = 2*o, -5*z + 5*o = -190. Suppose 3*a - z = x, -3*x - 30 - 7 = -2*a. What is the tens digit of a?
1
Let s(h) = -h. Let j